{"id":34,"date":"2016-03-20T22:32:25","date_gmt":"2016-03-20T21:32:25","guid":{"rendered":"http:\/\/everwatch.de\/?page_id=34"},"modified":"2022-10-26T14:13:01","modified_gmt":"2022-10-26T12:13:01","slug":"datenschutzerklaerung","status":"publish","type":"page","link":"https:\/\/sonnenclip.com\/?page_id=34","title":{"rendered":"Datenschutzerkl\u00e4rung"},"content":{"rendered":"<h2 style=\"text-align: left;\">Datenschutzerkl\u00e4rung f\u00fcr die Webseite sonnenclip.com<\/h2>\n<p style=\"text-align: left;\">Wir sch\u00fctzen Ihre Daten auf der Grundlage der einschl\u00e4gigen gesetzlichen Bestimmungen (DSGVO, BDSG-neu). In dieser Datenschutzerkl\u00e4rung informieren wir Sie \u00fcber die wichtigsten Aspekte der Datenverarbeitung bei der Nutzung unserer Webseite.<\/p>\n<p style=\"text-align: left;\"><strong>Nutzungsdaten<\/strong><\/p>\n<p style=\"text-align: left;\">Beim Zugriff auf unser Internetangebot erfassen wir folgende Daten in einer Protokolldatei:<\/p>\n<ul style=\"text-align: left;\">\n<li>IP-Adresse in anonymisierter (verk\u00fcrzter) Form<\/li>\n<li>Zeitpunkt des Zugriffs<\/li>\n<li>aufgerufene Seite bzw. Name der abgerufenen Datei (URL)<\/li>\n<li>Status-Informationen (z. B. Fehlercodes)<\/li>\n<li>\u00fcbertragene Datenmenge<\/li>\n<\/ul>\n<p style=\"text-align: left;\">Browser-Informationen (genutzter Web-Browser, Betriebssystem, Spracheinstellung etc.)<\/p>\n<p style=\"text-align: left;\">Die Daten werden ausschlie\u00dflich f\u00fcr statistische Zwecke genutzt und nicht an Dritte weitergegeben. Eine L\u00f6schung der Daten erfolgt nach sechs Monaten.<\/p>\n<p style=\"text-align: left;\"><strong>Kontaktaufnahme<\/strong><\/p>\n<p style=\"text-align: left;\">Wenn Sie \u00fcber die Webseite oder per E-Mail Kontakt mit uns aufnehmen, werden Ihre angegebenen Daten (Name, Adresse, E-Mail) zwecks Bearbeitung der Anfrage und f\u00fcr den Fall von Anschlussfragen sechs Monate bei uns gespeichert. Diese Daten geben wir nicht an Dritte weiter.<\/p>\n<p style=\"text-align: left;\"><strong>Cookies<\/strong><\/p>\n<p style=\"text-align: left;\">In bestimmten F\u00e4llen werden bei Nutzung unserer Webseite sogenannte tempor\u00e4re Cookies verwendet. Diese enthalten keine personenbezogenen Daten und werden nach Ablauf der Sitzung mit dem Schlie\u00dfen Ihres Webbrowsers automatisch gel\u00f6scht.<\/p>\n<p style=\"text-align: left;\"><strong>Ihre Rechte<\/strong><\/p>\n<p style=\"text-align: left;\">Ihnen stehen nach der DSGVO grunds\u00e4tzlich die Rechte auf Auskunft, Berichtigung, L\u00f6schung, Einschr\u00e4nkung, Daten\u00fcbertragbarkeit, Widerruf und Widerspruch zu. Diese Rechte k\u00f6nnen Sie schriftlich oder per E-Mail geltend machen.<\/p>\n<h2 style=\"text-align: left;\">Datenschutzerkl\u00e4rung f\u00fcr die Nutzung von Google Analytics<\/h2>\n<p style=\"text-align: left;\">Diese Website benutzt Google Analytics, einen Webanalysedienst der Google Inc. (\u201eGoogle\u201c). Google Analytics verwendet sog. \u201eCookies\u201c, Textdateien, die auf Ihrem Computer gespeichert werden und die eine Analyse der Benutzung der Website durch Sie erm\u00f6glichen. Die durch den Cookie erzeugten Informationen \u00fcber Ihre Benutzung dieser Website werden in der Regel an einen Server von Google in den USA \u00fcbertragen und dort gespeichert.<\/p>\n<p style=\"text-align: left;\">Mehr Informationen zum Umgang mit Nutzerdaten bei Google Analytics finden Sie in der Datenschutzerkl\u00e4rung von Google:\u00a0<a href=\"https:\/\/support.google.com\/analytics\/answer\/6004245?hl=de\">https:\/\/support.google.com\/analytics\/answer\/6004245?hl=de<\/a><\/p>\n<p style=\"text-align: left;\"><strong>IP-Anonymisierung<\/strong><\/p>\n<p style=\"text-align: left;\">Wir nutzen die Funktion \u201cAktivierung der IP-Anonymisierung\u201d auf dieser Webseite. Dadurch wird Ihre IP-Adresse von Google jedoch innerhalb von Mitgliedstaaten der Europ\u00e4ischen Union oder in anderen Vertragsstaaten des Abkommens \u00fcber den Europ\u00e4ischen Wirtschaftsraum zuvor gek\u00fcrzt. Nur in Ausnahmef\u00e4llen wird die volle IP-Adresse an einen Server von Google in den USA \u00fcbertragen und dort gek\u00fcrzt. Im Auftrag des Betreibers dieser Website wird Google diese Informationen benutzen, um Ihre Nutzung der Website auszuwerten, um Reports \u00fcber die Websiteaktivit\u00e4ten zusammenzustellen und um weitere mit der Websitenutzung und der Internetnutzung verbundene Dienstleistungen gegen\u00fcber dem Websitebetreiber zu erbringen. Die im Rahmen von Google Analytics von Ihrem Browser \u00fcbermittelte IP-Adresse wird nicht mit anderen Daten von Google zusammengef\u00fchrt.<\/p>\n<p style=\"text-align: left;\"><strong>Auftragsdatenverarbeitung<\/strong><\/p>\n<p style=\"text-align: left;\">Wir haben mit Google einen Vertrag zur Auftragsdatenverarbeitung abgeschlossen und setzen die strengen Vorgaben der deutschen Datenschutzbeh\u00f6rden bei der Nutzung von Google Analytics vollst\u00e4ndig um.<\/p>\n<p style=\"text-align: left;\"><strong>Browser Plugin<\/strong><\/p>\n<p style=\"text-align: left;\">Sie k\u00f6nnen die Speicherung der Cookies durch eine entsprechende Einstellung Ihrer Browser-Software verhindern; wir weisen Sie jedoch darauf hin, dass Sie in diesem Fall gegebenenfalls nicht s\u00e4mtliche Funktionen dieser Website vollumf\u00e4nglich werden nutzen k\u00f6nnen. Sie k\u00f6nnen dar\u00fcber hinaus die Erfassung der durch das Cookie erzeugten und auf Ihre Nutzung der Website bezogenen Daten (inkl. Ihrer IP-Adresse) an Google sowie die Verarbeitung dieser Daten durch Google verhindern, indem sie das unter dem folgenden Link verf\u00fcgbare Browser-Plugin herunterladen und installieren:\u00a0<a href=\"https:\/\/tools.google.com\/dlpage\/gaoptout?hl=de\" target=\"_blank\" rel=\"noopener noreferrer\">https:\/\/tools.google.com\/dlpage\/gaoptout?hl=de<\/a><\/p>\n<p style=\"text-align: left;\"><strong>Widerspruch gegen Datenerfassung<\/strong><\/p>\n<p style=\"text-align: left;\">Sie k\u00f6nnen die Erfassung Ihrer Daten durch Google Analytics verhindern, indem Sie auf folgenden Link klicken. Es wird ein Opt-Out-Cookie gesetzt, dass das Erfassung Ihrer Daten bei zuk\u00fcnftigen Besuchen dieser Website verhindert:<em><br \/>\n<\/em><\/p>\n<p style=\"text-align: left;\">Verbiete Google Analytics, mich zu verfolgen<\/p>\n<h2 style=\"text-align: left;\">Datenschutzerkl\u00e4rung f\u00fcr die Nutzung von YouTube<\/h2>\n<p style=\"text-align: left;\">Unsere Webseite nutzt Plugins der von Google betriebenen Seite YouTube. Betreiber der Seiten ist die YouTube, LLC, 901 Cherry Ave., San Bruno, CA 94066, USA. Wenn Sie eine unserer mit einem YouTube-Plugin ausgestatteten Seiten besuchen, wird eine Verbindung zu den Servern von YouTube hergestellt. Dabei wird dem Youtube-Server mitgeteilt, welche unserer Seiten Sie besucht haben.<\/p>\n<p style=\"text-align: left;\">Wenn Sie in Ihrem YouTube-Account eingeloggt sind erm\u00f6glichen Sie YouTube, Ihr Surfverhalten direkt Ihrem pers\u00f6nlichen Profil zuzuordnen. Dies k\u00f6nnen Sie verhindern, indem Sie sich aus Ihrem YouTube-Account ausloggen.<\/p>\n<p style=\"text-align: left;\">Weitere Informationen zum Umgang von Nutzerdaten finden Sie in der Datenschutzerkl\u00e4rung von YouTube unter:\u00a0<a href=\"https:\/\/www.google.de\/intl\/de\/policies\/privacy\" target=\"_blank\" rel=\"noopener noreferrer\">https:\/\/www.google.de\/intl\/de\/policies\/privacy<\/a><\/p>\n<h2 style=\"text-align: left;\">Datenschutzerkl\u00e4rung f\u00fcr\u00a0Google reCAPTCHA<\/h2>\n<p>Auf dieser Website verwenden wir auch die reCAPTCHA Funktion von Google Ireland Limited, Gordon House, 4 Barrow St, Dublin, D04 E5W5, Irland (\u201eGoogle\u201c). Diese Funktion dient vor allem zur Unterscheidung, ob eine Eingabe durch eine nat\u00fcrliche Person erfolgt oder missbr\u00e4uchlich durch maschinelle und automatisierte Verarbeitung erfolgt. Der Dienst umfasst den Versand der IP-Adresse und ggf. weiterer von Google f\u00fcr den Dienst reCAPTCHA ben\u00f6tigter Daten an Google und erfolgt gem\u00e4\u00df Art. 6 Abs. 1 lit. f DSGVO auf Basis unseres berechtigten Interesses an der Feststellung der individuellen Eigenverantwortung im Internet und der Vermeidung von Missbrauch und Spam. Im Rahmen der Nutzung von Google reCAPTCHA kann es auch zu einer \u00dcbermittlung von personenbezogenen Daten an die Server der Google LLC. in den USA kommen.<\/p>\n<p>Weiterf\u00fchrende Informationen zu Google reCAPTCHA sowie die Datenschutzerkl\u00e4rung von Google k\u00f6nnen Sie einsehen unter: https:\/\/www.google.com\/intl\/de\/policies\/privacy\/<\/p>\n<h2 style=\"text-align: left;\">Datenschutzerkl\u00e4rung f\u00fcr Google Maps<\/h2>\n<p>Auf unserer Website verwenden wir Google Maps (API) von Google Ireland Limited, Gordon House, 4 Barrow St, Dublin, D04 E5W5, Irland (\u201cGoogle\u201d). Google Maps ist ein Webdienst zur Darstellung von interaktiven (Land-)Karten, um geographische Informationen visuell darzustellen. \u00dcber die Nutzung dieses Dienstes wird Ihnen unser Standort angezeigt und eine etwaige Anfahrt erleichtert.<\/p>\n<p>Bereits beim Aufrufen derjenigen Unterseiten, in die die Karte von Google Maps eingebunden ist, werden Informationen \u00fcber Ihre Nutzung unserer Website (wie z.B. Ihre IP-Adresse) an Server von Google \u00fcbertragen und dort gespeichert, hierbei kann es auch zu einer \u00dcbermittlung an die Server der Google LLC. in den USA kommen. Dies erfolgt unabh\u00e4ngig davon, ob Google ein Nutzerkonto bereitstellt, \u00fcber das Sie eingeloggt sind oder ob ein Nutzerkonto besteht. Wenn Sie bei Google eingeloggt sind, werden Ihre Daten direkt Ihrem Konto zugeordnet. Wenn Sie die Zuordnung mit Ihrem Profil bei Google nicht w\u00fcnschen, m\u00fcssen Sie sich vor Aktivierung des Buttons ausloggen. Google speichert Ihre Daten (selbst f\u00fcr nicht eingeloggte Nutzer) als Nutzungsprofile und wertet diese aus. Die Erhebung, Speicherung und die Auswertung erfolgen gem\u00e4\u00df Art. 6 Abs. 1 lit. f DSGVO auf Basis des berechtigten Interesses von Google an der Einblendung personalisierter Werbung, Marktforschung und\/oder der bedarfsgerechten Gestaltung von Google-Websites. Ihnen steht ein Widerspruchsrecht gegen die Bildung dieser Nutzerprofile zu, wobei Sie sich f\u00fcr dessen Aus\u00fcbung an Google wenden m\u00fcssen.<\/p>\n<p>Wenn Sie mit der k\u00fcnftigen \u00dcbermittlung Ihrer Daten an Google im Rahmen der Nutzung von Google Maps nicht einverstanden sind, besteht auch die M\u00f6glichkeit, den Webdienst von Google Maps vollst\u00e4ndig zu deaktivieren, indem Sie die Anwendung JavaScript in Ihrem Browser ausschalten. Google Maps und damit auch die Kartenanzeige auf dieser Internetseite kann dann nicht genutzt werden.<\/p>\n<p>Die Nutzungsbedingungen von Google k\u00f6nnen Sie unter https:\/\/www.google.de\/intl\/de\/policies\/terms\/regional.html einsehen, die zus\u00e4tzlichen Nutzungsbedingungen f\u00fcr Google Maps finden Sie unter https:\/\/www.google.com\/intl\/de_US\/help\/terms_maps.html<\/p>\n<p>Ausf\u00fchrliche Informationen zum Datenschutz im Zusammenhang mit der Verwendung von Google Maps finden Sie auf der Internetseite von Google (\u201eGoogle Privacy Policy\u201c): https:\/\/www.google.de\/intl\/de\/policies\/privacy\/<\/p>\n","protected":false},"excerpt":{"rendered":"<p>Datenschutzerkl\u00e4rung f\u00fcr die Webseite sonnenclip.com Wir sch\u00fctzen Ihre Daten auf der Grundlage der einschl\u00e4gigen gesetzlichen Bestimmungen (DSGVO, BDSG-neu). In dieser Datenschutzerkl\u00e4rung informieren wir Sie \u00fcber die wichtigsten Aspekte der Datenverarbeitung bei der Nutzung unserer Webseite. Nutzungsdaten Beim Zugriff auf unser Internetangebot erfassen wir folgende Daten in einer Protokolldatei: IP-Adresse in anonymisierter (verk\u00fcrzter) Form Zeitpunkt des<a class=\"read-more\" href=\"https:\/\/sonnenclip.com\/?page_id=34\"><br \/>-> Continue reading<span class=\"screen-reader-text\">  Datenschutzerkl\u00e4rung<\/span><\/a><\/p>\n","protected":false},"author":1,"featured_media":0,"parent":0,"menu_order":0,"comment_status":"closed","ping_status":"closed","template":"template-fullwidth.php","meta":[],"wppr_data":{"cwp_meta_box_check":"No"},"yoast_head":"<!-- This site is optimized with the Yoast SEO plugin v19.9 - https:\/\/yoast.com\/wordpress\/plugins\/seo\/ -->\n<title>Datenschutzerkl\u00e4rung | Sonnenclip Klippi<\/title>\n<meta name=\"robots\" content=\"index, follow, max-snippet:-1, max-image-preview:large, max-video-preview:-1\" \/>\n<link rel=\"canonical\" href=\"https:\/\/sonnenclip.com\/?page_id=34\" \/>\n<meta property=\"og:locale\" content=\"de_DE\" \/>\n<meta property=\"og:type\" content=\"article\" \/>\n<meta property=\"og:title\" content=\"Datenschutzerkl\u00e4rung | Sonnenclip Klippi\" \/>\n<meta property=\"og:description\" content=\"Datenschutzerkl\u00e4rung f\u00fcr die Webseite sonnenclip.com Wir sch\u00fctzen Ihre Daten auf der Grundlage der einschl\u00e4gigen gesetzlichen Bestimmungen (DSGVO, BDSG-neu). In dieser Datenschutzerkl\u00e4rung informieren wir Sie \u00fcber die wichtigsten Aspekte der Datenverarbeitung bei der Nutzung unserer Webseite. Nutzungsdaten Beim Zugriff auf unser Internetangebot erfassen wir folgende Daten in einer Protokolldatei: IP-Adresse in anonymisierter (verk\u00fcrzter) Form Zeitpunkt des-&gt; Continue reading Datenschutzerkl\u00e4rung\" \/>\n<meta property=\"og:url\" content=\"https:\/\/sonnenclip.com\/?page_id=34\" \/>\n<meta property=\"og:site_name\" content=\"Sonnenclip Klippi\" \/>\n<meta property=\"article:modified_time\" content=\"2022-10-26T12:13:01+00:00\" \/>\n<meta name=\"twitter:card\" content=\"summary_large_image\" \/>\n<meta name=\"twitter:label1\" content=\"Est. reading time\" \/>\n\t<meta name=\"twitter:data1\" content=\"7 Minuten\" \/>\n<script type=\"application\/ld+json\" class=\"yoast-schema-graph\">{\"@context\":\"https:\/\/schema.org\",\"@graph\":[{\"@type\":\"WebPage\",\"@id\":\"https:\/\/sonnenclip.com\/?page_id=34\",\"url\":\"https:\/\/sonnenclip.com\/?page_id=34\",\"name\":\"Datenschutzerkl\u00e4rung | Sonnenclip Klippi\",\"isPartOf\":{\"@id\":\"https:\/\/sonnenclip.com\/#website\"},\"datePublished\":\"2016-03-20T21:32:25+00:00\",\"dateModified\":\"2022-10-26T12:13:01+00:00\",\"breadcrumb\":{\"@id\":\"https:\/\/sonnenclip.com\/?page_id=34#breadcrumb\"},\"inLanguage\":\"de-DE\",\"potentialAction\":[{\"@type\":\"ReadAction\",\"target\":[\"https:\/\/sonnenclip.com\/?page_id=34\"]}]},{\"@type\":\"BreadcrumbList\",\"@id\":\"https:\/\/sonnenclip.com\/?page_id=34#breadcrumb\",\"itemListElement\":[{\"@type\":\"ListItem\",\"position\":1,\"name\":\"Startseite\",\"item\":\"https:\/\/sonnenclip.com\/\"},{\"@type\":\"ListItem\",\"position\":2,\"name\":\"Datenschutzerkl\u00e4rung\"}]},{\"@type\":\"WebSite\",\"@id\":\"https:\/\/sonnenclip.com\/#website\",\"url\":\"https:\/\/sonnenclip.com\/\",\"name\":\"Sonnenclip Klippi\",\"description\":\"Der Sonnenclip Klippi\u00ae macht es m\u00f6glich 99,9% aller Brille schnell und sicher zu Sonnenbrillen aufzur\u00fcsten\",\"publisher\":{\"@id\":\"https:\/\/sonnenclip.com\/#organization\"},\"potentialAction\":[{\"@type\":\"SearchAction\",\"target\":{\"@type\":\"EntryPoint\",\"urlTemplate\":\"https:\/\/sonnenclip.com\/?s={search_term_string}\"},\"query-input\":\"required name=search_term_string\"}],\"inLanguage\":\"de-DE\"},{\"@type\":\"Organization\",\"@id\":\"https:\/\/sonnenclip.com\/#organization\",\"name\":\"Sonnenclip\",\"url\":\"https:\/\/sonnenclip.com\/\",\"logo\":{\"@type\":\"ImageObject\",\"inLanguage\":\"de-DE\",\"@id\":\"https:\/\/sonnenclip.com\/#\/schema\/logo\/image\/\",\"url\":\"https:\/\/sonnenclip.com\/wp-content\/uploads\/2019\/04\/klippi_logo.jpg\",\"contentUrl\":\"https:\/\/sonnenclip.com\/wp-content\/uploads\/2019\/04\/klippi_logo.jpg\",\"width\":1368,\"height\":302,\"caption\":\"Sonnenclip\"},\"image\":{\"@id\":\"https:\/\/sonnenclip.com\/#\/schema\/logo\/image\/\"}}]}<\/script>\n<!-- \/ Yoast SEO plugin. -->","yoast_head_json":{"title":"Datenschutzerkl\u00e4rung | Sonnenclip Klippi","robots":{"index":"index","follow":"follow","max-snippet":"max-snippet:-1","max-image-preview":"max-image-preview:large","max-video-preview":"max-video-preview:-1"},"canonical":"https:\/\/sonnenclip.com\/?page_id=34","og_locale":"de_DE","og_type":"article","og_title":"Datenschutzerkl\u00e4rung | Sonnenclip Klippi","og_description":"Datenschutzerkl\u00e4rung f\u00fcr die Webseite sonnenclip.com Wir sch\u00fctzen Ihre Daten auf der Grundlage der einschl\u00e4gigen gesetzlichen Bestimmungen (DSGVO, BDSG-neu). In dieser Datenschutzerkl\u00e4rung informieren wir Sie \u00fcber die wichtigsten Aspekte der Datenverarbeitung bei der Nutzung unserer Webseite. Nutzungsdaten Beim Zugriff auf unser Internetangebot erfassen wir folgende Daten in einer Protokolldatei: IP-Adresse in anonymisierter (verk\u00fcrzter) Form Zeitpunkt des-> Continue reading Datenschutzerkl\u00e4rung","og_url":"https:\/\/sonnenclip.com\/?page_id=34","og_site_name":"Sonnenclip Klippi","article_modified_time":"2022-10-26T12:13:01+00:00","twitter_card":"summary_large_image","twitter_misc":{"Est. reading time":"7 Minuten"},"schema":{"@context":"https:\/\/schema.org","@graph":[{"@type":"WebPage","@id":"https:\/\/sonnenclip.com\/?page_id=34","url":"https:\/\/sonnenclip.com\/?page_id=34","name":"Datenschutzerkl\u00e4rung | Sonnenclip Klippi","isPartOf":{"@id":"https:\/\/sonnenclip.com\/#website"},"datePublished":"2016-03-20T21:32:25+00:00","dateModified":"2022-10-26T12:13:01+00:00","breadcrumb":{"@id":"https:\/\/sonnenclip.com\/?page_id=34#breadcrumb"},"inLanguage":"de-DE","potentialAction":[{"@type":"ReadAction","target":["https:\/\/sonnenclip.com\/?page_id=34"]}]},{"@type":"BreadcrumbList","@id":"https:\/\/sonnenclip.com\/?page_id=34#breadcrumb","itemListElement":[{"@type":"ListItem","position":1,"name":"Startseite","item":"https:\/\/sonnenclip.com\/"},{"@type":"ListItem","position":2,"name":"Datenschutzerkl\u00e4rung"}]},{"@type":"WebSite","@id":"https:\/\/sonnenclip.com\/#website","url":"https:\/\/sonnenclip.com\/","name":"Sonnenclip Klippi","description":"Der Sonnenclip Klippi\u00ae macht es m\u00f6glich 99,9% aller Brille schnell und sicher zu Sonnenbrillen aufzur\u00fcsten","publisher":{"@id":"https:\/\/sonnenclip.com\/#organization"},"potentialAction":[{"@type":"SearchAction","target":{"@type":"EntryPoint","urlTemplate":"https:\/\/sonnenclip.com\/?s={search_term_string}"},"query-input":"required name=search_term_string"}],"inLanguage":"de-DE"},{"@type":"Organization","@id":"https:\/\/sonnenclip.com\/#organization","name":"Sonnenclip","url":"https:\/\/sonnenclip.com\/","logo":{"@type":"ImageObject","inLanguage":"de-DE","@id":"https:\/\/sonnenclip.com\/#\/schema\/logo\/image\/","url":"https:\/\/sonnenclip.com\/wp-content\/uploads\/2019\/04\/klippi_logo.jpg","contentUrl":"https:\/\/sonnenclip.com\/wp-content\/uploads\/2019\/04\/klippi_logo.jpg","width":1368,"height":302,"caption":"Sonnenclip"},"image":{"@id":"https:\/\/sonnenclip.com\/#\/schema\/logo\/image\/"}}]}},"_links":{"self":[{"href":"https:\/\/sonnenclip.com\/index.php?rest_route=\/wp\/v2\/pages\/34"}],"collection":[{"href":"https:\/\/sonnenclip.com\/index.php?rest_route=\/wp\/v2\/pages"}],"about":[{"href":"https:\/\/sonnenclip.com\/index.php?rest_route=\/wp\/v2\/types\/page"}],"author":[{"embeddable":true,"href":"https:\/\/sonnenclip.com\/index.php?rest_route=\/wp\/v2\/users\/1"}],"replies":[{"embeddable":true,"href":"https:\/\/sonnenclip.com\/index.php?rest_route=%2Fwp%2Fv2%2Fcomments&post=34"}],"version-history":[{"count":76,"href":"https:\/\/sonnenclip.com\/index.php?rest_route=\/wp\/v2\/pages\/34\/revisions"}],"predecessor-version":[{"id":1474,"href":"https:\/\/sonnenclip.com\/index.php?rest_route=\/wp\/v2\/pages\/34\/revisions\/1474"}],"wp:attachment":[{"href":"https:\/\/sonnenclip.com\/index.php?rest_route=%2Fwp%2Fv2%2Fmedia&parent=34"}],"curies":[{"name":"wp","href":"https:\/\/api.w.org\/{rel}","templated":true}]}}